e 11.
-922a
Convert 123743 (base 9) to base 12.
37470
What is -21194 (base 15) in base 5?
-11324424
664685 (base 12) to base 7
16546304
330202023 (base 4) to base 10
247947
Convert 22211013210 (base 4) to base 14.
522a56
Convert -213ba2 (base 12) to base 8.
-2001752
What is 665175 (base 16) in base 11?
386aa62
What is -12112320102 (base 4) in base 16?
-196e12
What is -1100011011001110 (base 2) in base 4?
-30123032
Convert 220212100120 (base 3) to base 10.
489417
Convert 1011010011010011111010 (base 2) to base 12.
baa622
What is -455661 (base 7) in base 11?
-56086
Convert 3c1c3 (base 14) to base 4.
210100333
What is 222152 (base 7) in base 3?
1222202102
What is 104118 (base 11) in base 2?
101000101001110011
134357 (base 16) to base 2
100110100001101010111
What is -6bda6b (base 14) in base 4?
-32010031033
-4013412 (base 6) to base 2
-101110000100110000
-10011010000100001100 (base 2) to base 3
-1012001122022
What is 1010112221212220 (base 3) in base 6?
1340010210
Convert 1100010001101001010 (base 2) to base 15.
7e2ba
What is 1439045 (base 13) in base 10?
6417494
What is -3189ea (base 15) in base 14?
-455483
What is -cc0a9 (base 15) in base 14?
-12c2d1
Convert -725403 (base 8) to base 10.
-240387
Convert 351415 (base 6) to base 15.
8e1e
What is -d745 (base 15) in base 11?
-31218
-1430365 (base 10) to base 7
-15105106
Convert 12112300300 (base 4) to base 10.
1666096
110111011010111011111 (base 2) to base 14
353b67
What is 20817810 (base 9) in base 13?
210b940
What is -18bb7 (base 14) in base 10?
-62685
-4756eb (base 15) to base 12
-1185695
Convert 111001110000000100 (base 2) to base 5.
30032143
Convert 10223104 (base 5) to base 6.
1502141
-6e586 (base 15) to base 12
-14ba23
What is 4415176 (base 10) in base 14?
82d05a
-c7640 (base 13) to base 2
-1010111101100001001
-1257a2 (base 14) to base 8
-2316202
b61a1 (base 13) to base 6
11004525
Convert -21032132 (base 4) to base 5.
-2202130
What is 40492 (base 12) in base 8?
243256
2002010 (base 3) to base 7
4263
-610541 (base 7) to base 14
-29a21
What is 9836387 (base 10) in base 7?
146415341
Convert aba5e2 (base 16) to base 11.
63936a5
Convert 1436013 (base 10) to base 14.
295485
38456 (base 9) to base 12
12b96
-19921 (base 11) to base 2
-110110001010100
What is -c874 (base 15) in base 5?
-2324114
Convert -a9747 (base 11) to base 2.
-100110111000110111
Convert -2010012211222 (base 3) to base 5.
-242014241
What is 2354593 (base 10) in base 2?
1000111110110110100001
-28078a (base 14) to base 16
-152016
Convert -122220020010010 (base 3) to base 9.
-18806103
What is 1b07a2 (base 12) in base 3?
220021202212
-642153 (base 7) to base 5
-12024334
What is 11001001100001010 (base 2) in base 9?
166472
What is -7050b (base 16) in base 12?
-1a228b
What is -126112 (base 8) in base 16?
-ac4a
10011110100101110 (base 2) to base 12
3aba6
Convert 171b67 (base 12) to base 13.
10bb44
What is -1515140 (base 7) in base 10?
-205877
Convert 66c705 (base 13) to base 5.
1110123201
Convert 11161722 (base 9) to base 12.
1991225
What is 29ddd (base 15) in base 16?
20e66
c684ac (base 13) to base 16
46e19c
Convert c62360 (base 13) to base 7.
54240653
9ba6 (base 15) to base 8
100356
a69331a (base 11) to base 12
63760ba
1000141010 (base 5) to base 2
111011110001111100000
What is -51323 (base 8) in base 7?
-115550
Convert 102211011011 (base 3) to base 7.
1656214
-23168236 (base 9) to base 13
-2445408
Convert 133b9 (base 12) to base 6.
322353
-84938 (base 15) to base 5
-101424303
10100100110001110001100 (base 2) to base 4
110212032030
Convert 1011111001100110000010 (base 2) to base 6.
150510030
What is 512d5a (base 15) in base 9?
7228144
What is -23b320 (base 16) in base 14?
-44c8b6
What is -101001011011101001000 (base 2) in base 7?
-14353064
Convert 12222211111 (base 4) to base 14.
336aa1
1557071 (base 8) to base 7
3553155
76986 (base 11) to base 5
12033111
Convert 4305614 (base 8) to base 15.
17aa5b
What is -256301050 (base 7) in base 13?
-352471c
What is -6720ac (base 15) in base 10?
-4917537
Convert 110202210200 (base 3) to base 8.
752741
Convert -310b907 (base 13) to base 16.
-e302e7
What is -21a90b9 (base 14) in base 9?
-33104880
8685376 (base 10) to base 14
1221320
Convert -274cac (base 13) to base 2.
-11101000110001111111
What is -5987c (base 15) in base 13?
-9cbb2
What is 22620215 (base 7) in base 16?
1e562a
Convert -6356661 (base 7) to base 15.
-103560
Convert -1311650 (base 12) to base 3.
-21001211002020
Convert 23d43 (base 15) to base 4.
123322323
What is 588c35 (base 14) in base 15?
3ea0b9
7127 (base 16) to base 2
111000100100111
-1036919 (base 10) to base 6
-34120315
What is -3d4864 (base 14) in base 9?
-3888580
Convert 2314044424 (base 5) to base 10.
5221864
Convert -120113310 (base 4) to base 2.
-11000010111110100
1482 (base 14) to base 8
7072
2232032 (base 4) to base 10
11150
What is -220022211011 (base 3) in base 12?
-1b111a
What is -99959 (base 14) in base 6?
-11551311
bc5c3 (base 13) to base 4
1103120203
What is -914326 (base 10) in base 15?
-130da1
324144303 (base 5) to base 6
45534444
-5120321 (base 7) to base 6
-21024052
What is 13033232102 (base 4) in base 9?
3514445
What is -93dc54 (base 14) in base 7?
-60306034
Convert -11815772 (base 9) to base 16.
-587708
Convert 164d623 (base 14) to base 6.
1030344355
4a5827 (base 11) to base 3
1111120000102
319ac (base 15) to base 7
1224000
Convert -70082 (base 14) to base 13.
-955b4
Convert 10212110102 (base 3) to base 14.
1da75
Convert -3a3f2a (base 16) to base 13.
-a38643
Convert 13230312302 (base 4) to base 7.
23105351
What is -16309e (base 16) in base 10?
-1454238
What is -13981420 (base 10) in base 12?
-4823124
What is 130a92 (base 11) in base 14?
55269
Convert -1071950 (base 10) to base 13.
-2b6bb9
-2464525 (base 9) to base 8
-5074534
What is 12545210 (base 6) in base 5?
101342340
What is -113ec (base 16) in base 3?
-10120220011
Convert -52041205 (base 6) to base 12.
-603205
What is 1242442000 (base 5) in base 15?
411850
What is -ac03a (base 14) in base 16?
-65d74
135113 (base 7) to base 10
25784
70762 (base 10) to base 16
1146a
2cc215 (base 13) to base 6
35500154
Convert -1b81222 (base 12) to base 13.
-12b354c
Convert -11270204 (base 8) to base 10.
-2453636
What is 9a45 (base 13) in base 11?
15194
What is 47867 (base 13) in base 3?
20122210002
What is -65b8b (base 13) in base 5?
-21344300
Convert 152011022 (base 6) to base 15.
42a73e
-1689581 (base 13) to base 9
-14661808
What is -16252245 (base 7) in base 3?
-2222001200200
Convert -33301331 (base 5) to base 7.
-2320635
What is 4779038 (base 11) in base 5?
4112444413
Convert -737073 (base 8) to base 6.
-5131403
-213021301 (base 5) to base 12
-379359
-23200112133 (base 4) to base 11
-1780045
Convert -11ac97 (base 16) to base 7.
-12562645
Convert 156003 (base 8) to base 15.
11a4d
-1213018 (base 10) to base 16
-12825a
88cdc7 (base 14) to base 15
61b6eb
Convert 165510 (base 7) to base 5.
2030210
1072136 (base 8) to base 6
10131314
Convert -2b35d6 (base 16) to base 9.
-5285477
Convert 473580 (base 9) to base 6.
10034243
What is -42303344 (base 5) in base 6?
-11325011
What is 299b55 (base 12) in base 16?
ab431
What is -10314224 (base 5) in base 10?
-88689
Convert 4243535 (base 6) to base 13.
73a03
What is -9873a0 (base 12) in base 9?
-4484813
Convert -1a5a16 (base 11) to base 12.
-1325a7
-113110023 (base 5) to base 3
-222101110121
What is -15537250 (base 8) in base 12?
-12502b4
What is 48939 (base 11) in base 5?
4222333
-1110101000010000 (base 2) to base 16
-ea10
What is 3442d (base 16) in base 4?
310100231
-2221233000 (base 4) to base 10
-695232
What is -14d9b (base 14) in base 11?
-36143
-11055255 (base 6) to base 9
-558458
-25273 (base 9) to base 12
-9a03
Convert 1353585 (base 12) to base 14.
7202c5
-1405448 (base 9) to base 12
-312682
What is 3022001434 (base 5) in base 3?
102101020002101
Convert -233314441 (base 5) to base 10.
-1073121
What is 1b081 (base 16) in base 12?
540a9
Convert -8b04d9 (base 14) to base 11.
-2738904
What is -10507 (base 10) in base 13?
-4a23
Convert 633653 (base 7) to base 3.
12120002002
What is 4791556 (base 11) in base 9?
16632382
Convert 899834 (base 14) to base 9.
8714361
Convert -2202220221022 (base 3) to base 9.
-2686838
What is -3aa18 (base 13) in base 2?
-11010101100110100
What is 388